{"id":142,"date":"2024-02-08T16:49:13","date_gmt":"2024-02-08T16:49:13","guid":{"rendered":"https:\/\/saftrans.tn\/?page_id=142"},"modified":"2024-05-06T09:11:46","modified_gmt":"2024-05-06T09:11:46","slug":"douane","status":"publish","type":"page","link":"https:\/\/saftrans.tn\/?page_id=142","title":{"rendered":"Douane"},"content":{"rendered":"\n<p>Gr\u00e2ce \u00e0 notre exp\u00e9rience en r\u00e8glementation douani\u00e8re et logistiques de manutention et de transport, SAFTRANS est votre meilleur partenaire pour :<\/p>\n\n\n\n<ul class=\"wp-block-list\">\n<li>L\u2019assistance\/conseil en mati\u00e8re de r\u00e9glementation et proc\u00e9dure douani\u00e8res<\/li>\n\n\n\n<li>Retrouver les diff\u00e9rentes nomenclatures utilis\u00e9es pour le d\u00e9douanement pour vous aider notamment \u00e0 d\u00e9terminer les taux de droits de douane.<\/li>\n\n\n\n<li>L\u2019assistance \u00e0 la mise \u00e0 quai et \u00e0 l\u2019enl\u00e8vement.<\/li>\n\n\n\n<li>L\u2019organisation des op\u00e9rations de manutention au port ou \u00e0 domicile.<\/li>\n\n\n\n<li>L\u2019organisation des op\u00e9rations de transport par les moyens les plus ad\u00e9quats.<\/li>\n\n\n\n<li>L\u2019assistance aux visites en douane.<\/li>\n<\/ul>\n\n\n\n<div class=\"wp-block-columns is-layout-flex wp-container-core-columns-is-layout-9d6595d7 wp-block-columns-is-layout-flex\">\n<div class=\"wp-block-column is-layout-flow wp-block-column-is-layout-flow\" style=\"flex-basis:66.66%\">\n<figure class=\"wp-block-image size-full is-resized\"><img data-recalc-dims=\"1\" loading=\"lazy\" decoding=\"async\" width=\"530\" height=\"300\" src=\"https:\/\/i0.wp.com\/saftrans.tn\/wp-content\/uploads\/2024\/01\/ded2-530x300-1.jpg?resize=530%2C300\" alt=\"\" class=\"wp-image-32\" style=\"width:553px;height:auto\" srcset=\"https:\/\/i0.wp.com\/saftrans.tn\/wp-content\/uploads\/2024\/01\/ded2-530x300-1.jpg?w=530&amp;ssl=1 530w, https:\/\/i0.wp.com\/saftrans.tn\/wp-content\/uploads\/2024\/01\/ded2-530x300-1.jpg?resize=300%2C170&amp;ssl=1 300w\" sizes=\"auto, (max-width: 530px) 100vw, 530px\" \/><\/figure>\n<\/div>\n\n\n\n<div class=\"wp-block-column is-layout-flow wp-block-column-is-layout-flow\" style=\"flex-basis:33.33%\"><\/div>\n<\/div>\n","protected":false},"excerpt":{"rendered":"<p>Gr\u00e2ce \u00e0 notre exp\u00e9rience en r\u00e8glementation douani\u00e8re et logistiques de manutention et de transport, SAFTRANS est votre meilleur partenaire pour :<\/p>\n","protected":false},"author":1,"featured_media":27,"parent":0,"menu_order":0,"comment_status":"closed","ping_status":"closed","template":"template-no-sidebar.php","meta":{"om_disable_all_campaigns":false,"_monsterinsights_skip_tracking":false,"_monsterinsights_sitenote_active":false,"_monsterinsights_sitenote_note":"","_monsterinsights_sitenote_category":0,"footnotes":""},"class_list":["post-142","page","type-page","status-publish","has-post-thumbnail","hentry"],"aioseo_notices":[],"jetpack_sharing_enabled":true,"_links":{"self":[{"href":"https:\/\/saftrans.tn\/index.php?rest_route=\/wp\/v2\/pages\/142","targetHints":{"allow":["GET"]}}],"collection":[{"href":"https:\/\/saftrans.tn\/index.php?rest_route=\/wp\/v2\/pages"}],"about":[{"href":"https:\/\/saftrans.tn\/index.php?rest_route=\/wp\/v2\/types\/page"}],"author":[{"embeddable":true,"href":"https:\/\/saftrans.tn\/index.php?rest_route=\/wp\/v2\/users\/1"}],"replies":[{"embeddable":true,"href":"https:\/\/saftrans.tn\/index.php?rest_route=%2Fwp%2Fv2%2Fcomments&post=142"}],"version-history":[{"count":2,"href":"https:\/\/saftrans.tn\/index.php?rest_route=\/wp\/v2\/pages\/142\/revisions"}],"predecessor-version":[{"id":144,"href":"https:\/\/saftrans.tn\/index.php?rest_route=\/wp\/v2\/pages\/142\/revisions\/144"}],"wp:featuredmedia":[{"embeddable":true,"href":"https:\/\/saftrans.tn\/index.php?rest_route=\/wp\/v2\/media\/27"}],"wp:attachment":[{"href":"https:\/\/saftrans.tn\/index.php?rest_route=%2Fwp%2Fv2%2Fmedia&parent=142"}],"curies":[{"name":"wp","href":"https:\/\/api.w.org\/{rel}","templated":true}]}}