{"id":49,"date":"2024-01-05T16:06:16","date_gmt":"2024-01-05T16:06:16","guid":{"rendered":"https:\/\/saftrans.tn\/?page_id=49"},"modified":"2024-05-06T09:17:20","modified_gmt":"2024-05-06T09:17:20","slug":"aerien","status":"publish","type":"page","link":"https:\/\/saftrans.tn\/?page_id=49","title":{"rendered":"A\u00e9rien"},"content":{"rendered":"\n<p>Notre service de transport a\u00e9rien offre une gamme compl\u00e8te de solutions logistiques, adapt\u00e9es \u00e0 vos besoins sp\u00e9cifiques, que ce soit pour des marchandises, des colis urgents ou des frets sp\u00e9ciaux.<\/p>\n\n\n\n<ol class=\"wp-block-list\">\n<li><strong>Fret A\u00e9rien Mondial:<\/strong> SAFTRANS assure le transport rapide et efficace de vos marchandises \u00e0 l&#8217;\u00e9chelle internationale. Gr\u00e2ce \u00e0 notre vaste r\u00e9seau de partenaires et de compagnies a\u00e9riennes, nous optimisons les itin\u00e9raires pour des livraisons express.<\/li>\n\n\n\n<li><strong>Livraisons Express:<\/strong> Pour les colis urgents, notre service de livraison express par avion garantit une rapidit\u00e9 in\u00e9gal\u00e9e. Nous comprenons l&#8217;importance des d\u00e9lais stricts et nous nous engageons \u00e0 livrer vos envois dans les plus brefs d\u00e9lais.<\/li>\n\n\n\n<li><strong>Fret Sp\u00e9cialis\u00e9:<\/strong> SAFTRANS propose des solutions de fret a\u00e9rien sp\u00e9cialis\u00e9 pour des marchandises sensibles, p\u00e9rissables ou de grande valeur. Notre \u00e9quipe experte s&#8217;assure que vos biens sont manipul\u00e9s avec le plus grand soin et respectent toutes les r\u00e9glementations sp\u00e9cifiques.<\/li>\n\n\n\n<li><strong>Fret Pharmaceutique et \u00e0 temp\u00e9rature contr\u00f4l\u00e9e<\/strong> : Nous vous proposons les solutions de fret a\u00e9rien les plus fiables et les plus conformes aux normes de contr\u00f4le de la temp\u00e9rature con\u00e7ues sp\u00e9cialement pour vos marchandises pharmaceutiques et de sciences de la vie<\/li>\n<\/ol>\n","protected":false},"excerpt":{"rendered":"<p>Notre service de transport a\u00e9rien offre une gamme compl\u00e8te de solutions logistiques, adapt\u00e9es \u00e0 vos besoins sp\u00e9cifiques, que ce soit pour des marchandises, des colis urgents ou des frets sp\u00e9ciaux.<\/p>\n","protected":false},"author":1,"featured_media":16,"parent":0,"menu_order":0,"comment_status":"closed","ping_status":"closed","template":"template-no-sidebar.php","meta":{"om_disable_all_campaigns":false,"_monsterinsights_skip_tracking":false,"_monsterinsights_sitenote_active":false,"_monsterinsights_sitenote_note":"","_monsterinsights_sitenote_category":0,"footnotes":""},"class_list":["post-49","page","type-page","status-publish","has-post-thumbnail","hentry"],"aioseo_notices":[],"jetpack_sharing_enabled":true,"_links":{"self":[{"href":"https:\/\/saftrans.tn\/index.php?rest_route=\/wp\/v2\/pages\/49","targetHints":{"allow":["GET"]}}],"collection":[{"href":"https:\/\/saftrans.tn\/index.php?rest_route=\/wp\/v2\/pages"}],"about":[{"href":"https:\/\/saftrans.tn\/index.php?rest_route=\/wp\/v2\/types\/page"}],"author":[{"embeddable":true,"href":"https:\/\/saftrans.tn\/index.php?rest_route=\/wp\/v2\/users\/1"}],"replies":[{"embeddable":true,"href":"https:\/\/saftrans.tn\/index.php?rest_route=%2Fwp%2Fv2%2Fcomments&post=49"}],"version-history":[{"count":5,"href":"https:\/\/saftrans.tn\/index.php?rest_route=\/wp\/v2\/pages\/49\/revisions"}],"predecessor-version":[{"id":95,"href":"https:\/\/saftrans.tn\/index.php?rest_route=\/wp\/v2\/pages\/49\/revisions\/95"}],"wp:featuredmedia":[{"embeddable":true,"href":"https:\/\/saftrans.tn\/index.php?rest_route=\/wp\/v2\/media\/16"}],"wp:attachment":[{"href":"https:\/\/saftrans.tn\/index.php?rest_route=%2Fwp%2Fv2%2Fmedia&parent=49"}],"curies":[{"name":"wp","href":"https:\/\/api.w.org\/{rel}","templated":true}]}}