{"id":51,"date":"2024-01-05T16:05:07","date_gmt":"2024-01-05T16:05:07","guid":{"rendered":"https:\/\/saftrans.tn\/?page_id=51"},"modified":"2024-05-06T09:19:10","modified_gmt":"2024-05-06T09:19:10","slug":"routier","status":"publish","type":"page","link":"https:\/\/saftrans.tn\/?page_id=51","title":{"rendered":"Routier"},"content":{"rendered":"\n<p><strong>SAFTRANS<\/strong> assure le transport de vos marchandises sur des routes nationales et internationales. Notre r\u00e9seau \u00e9tendu de transporteurs et de partenaires garantit une couverture compl\u00e8te pour vos exp\u00e9ditions.<\/p>\n\n\n\n<p><\/p>\n\n\n\n<ol class=\"wp-block-list\">\n<li><strong>Fret Routier International <\/strong> : <strong>SAFTRANS<\/strong> assure le transport routier pour vos lots complets ou partiels (FTL \/ LTL) sur des routes internationales. Notre r\u00e9seau \u00e9tendu de transporteurs et de partenaires garantit une couverture compl\u00e8te pour l\u2019importation \/ exportation de vos marchandises entre la Tunisie et l\u2019Union europ\u00e9enne \u00e0 l\u2019aide de remorques (t\u00f4l\u00e9e \u2013 b\u00e2ch\u00e9e- frigorifique). Du transport conventionnel au transport exceptionnel nous disposons de&nbsp;moyens polyvalents&nbsp;adapt\u00e9s \u00e0 chaque marchandise avec 4 \u00e0 5 d\u00e9parts entre Tunis et Marseille chaque semaine et un transit time avantageux 24\/48 heures.<\/li>\n\n\n\n<li><strong>Fret Routier National<\/strong> : <strong>SAFTRANS<\/strong> assure le mouvement de vos cargaisons allant d\u2019un petit carton \/ palette \u00e0 colis hors gabarit \/ lourd. Une fois que votre marchandise est d\u00e9douan\u00e9e, <strong>SAFTRANS<\/strong> planifie la livraison et s\u2019assure toujours de proc\u00e9der dans les 24 heures qui suivent tout en s\u2019organisant avec les r\u00e9ceptionnaires afin de s\u2019assurer du bon d\u00e9roulement des op\u00e9rations.<\/li>\n<\/ol>\n","protected":false},"excerpt":{"rendered":"<p>SAFTRANS assure le transport de vos marchandises sur des routes nationales et internationales. Notre r\u00e9seau \u00e9tendu de transporteurs et de partenaires garantit une couverture compl\u00e8te pour vos exp\u00e9ditions.<\/p>\n","protected":false},"author":1,"featured_media":14,"parent":0,"menu_order":0,"comment_status":"closed","ping_status":"closed","template":"template-no-sidebar.php","meta":{"om_disable_all_campaigns":false,"_monsterinsights_skip_tracking":false,"_monsterinsights_sitenote_active":false,"_monsterinsights_sitenote_note":"","_monsterinsights_sitenote_category":0,"footnotes":""},"class_list":["post-51","page","type-page","status-publish","has-post-thumbnail","hentry"],"aioseo_notices":[],"jetpack_sharing_enabled":true,"_links":{"self":[{"href":"https:\/\/saftrans.tn\/index.php?rest_route=\/wp\/v2\/pages\/51","targetHints":{"allow":["GET"]}}],"collection":[{"href":"https:\/\/saftrans.tn\/index.php?rest_route=\/wp\/v2\/pages"}],"about":[{"href":"https:\/\/saftrans.tn\/index.php?rest_route=\/wp\/v2\/types\/page"}],"author":[{"embeddable":true,"href":"https:\/\/saftrans.tn\/index.php?rest_route=\/wp\/v2\/users\/1"}],"replies":[{"embeddable":true,"href":"https:\/\/saftrans.tn\/index.php?rest_route=%2Fwp%2Fv2%2Fcomments&post=51"}],"version-history":[{"count":4,"href":"https:\/\/saftrans.tn\/index.php?rest_route=\/wp\/v2\/pages\/51\/revisions"}],"predecessor-version":[{"id":145,"href":"https:\/\/saftrans.tn\/index.php?rest_route=\/wp\/v2\/pages\/51\/revisions\/145"}],"wp:featuredmedia":[{"embeddable":true,"href":"https:\/\/saftrans.tn\/index.php?rest_route=\/wp\/v2\/media\/14"}],"wp:attachment":[{"href":"https:\/\/saftrans.tn\/index.php?rest_route=%2Fwp%2Fv2%2Fmedia&parent=51"}],"curies":[{"name":"wp","href":"https:\/\/api.w.org\/{rel}","templated":true}]}}